{"id":12,"date":"2019-02-27T19:41:45","date_gmt":"2019-02-27T18:41:45","guid":{"rendered":"https:\/\/projets.litislab.fr\/sicopad\/?page_id=12"},"modified":"2024-11-10T22:00:56","modified_gmt":"2024-11-10T21:00:56","slug":"accueil","status":"publish","type":"page","link":"https:\/\/projets.litislab.fr\/sicopad\/","title":{"rendered":"Accueil"},"content":{"rendered":"<p align=\"justify\"><img loading=\"lazy\" decoding=\"async\" class=\"alignnone size-medium wp-image-7\" src=\"https:\/\/projets.litislab.fr\/sicopad\/wp-content\/uploads\/sites\/18\/2024\/11\/logo_r.normandie-portrait-cmjn-300x284.jpg\" alt=\"\" width=\"300\" height=\"284\" srcset=\"https:\/\/projets.litislab.fr\/sicopad\/wp-content\/uploads\/sites\/18\/2024\/11\/logo_r.normandie-portrait-cmjn-300x284.jpg 300w, https:\/\/projets.litislab.fr\/sicopad\/wp-content\/uploads\/sites\/18\/2024\/11\/logo_r.normandie-portrait-cmjn-1024x969.jpg 1024w, https:\/\/projets.litislab.fr\/sicopad\/wp-content\/uploads\/sites\/18\/2024\/11\/logo_r.normandie-portrait-cmjn-768x727.jpg 768w, https:\/\/projets.litislab.fr\/sicopad\/wp-content\/uploads\/sites\/18\/2024\/11\/logo_r.normandie-portrait-cmjn.jpg 1200w\" sizes=\"auto, (max-width: 300px) 85vw, 300px\" \/><img loading=\"lazy\" decoding=\"async\" class=\"alignnone size-medium wp-image-8\" src=\"https:\/\/projets.litislab.fr\/sicopad\/wp-content\/uploads\/sites\/18\/2024\/11\/nu-300x175.jpg\" alt=\"\" width=\"300\" height=\"175\" srcset=\"https:\/\/projets.litislab.fr\/sicopad\/wp-content\/uploads\/sites\/18\/2024\/11\/nu-300x175.jpg 300w, https:\/\/projets.litislab.fr\/sicopad\/wp-content\/uploads\/sites\/18\/2024\/11\/nu-1024x596.jpg 1024w, https:\/\/projets.litislab.fr\/sicopad\/wp-content\/uploads\/sites\/18\/2024\/11\/nu-768x447.jpg 768w, https:\/\/projets.litislab.fr\/sicopad\/wp-content\/uploads\/sites\/18\/2024\/11\/nu-1536x894.jpg 1536w, https:\/\/projets.litislab.fr\/sicopad\/wp-content\/uploads\/sites\/18\/2024\/11\/nu-1200x699.jpg 1200w, https:\/\/projets.litislab.fr\/sicopad\/wp-content\/uploads\/sites\/18\/2024\/11\/nu.jpg 1767w\" sizes=\"auto, (max-width: 300px) 85vw, 300px\" \/><img loading=\"lazy\" decoding=\"async\" class=\"alignnone size-full wp-image-9\" src=\"https:\/\/projets.litislab.fr\/sicopad\/wp-content\/uploads\/sites\/18\/2024\/11\/LOGO_SN.png\" alt=\"\" width=\"228\" height=\"118\" \/><\/p>\n<p align=\"justify\">Le projet SICoPaD est un projet soutenu par la r\u00e9gion Normandie pour la p\u00e9riode 2018-2021 dans le cadre du R\u00e9seau d&rsquo;Inter\u00eat Normand (RIN) Normandie Digitale.<\/p>\n<p align=\"justify\"><strong>Contexte et objectifs<\/strong><\/p>\n<p class=\"western\" align=\"justify\">La multiplication et la diversification d\u2019objets connect\u00e9s d\u00e9ployables \u00e0 un co\u00fbt raisonnable dans des environnements domestiques ouvre de nombreuses perspectives sur le suivi d\u2019activit\u00e9s quotidiennes pour l\u2019assistance ou la supervision. Dans un cadre m\u00e9dical, l\u2019apparition de cet Internet des Objets suscite un fort engouement pour le suivi en temps r\u00e9el des patients, leur prise en charge, la collecte et l\u2019\u00e9change d\u2019informations entre patients, soignants et accompagnants\u2026 <b>Le projet SICoPaD s\u2019int\u00e9resse \u00e0 l\u2019analyse et au traitement de donn\u00e9es issues d\u2019objets connect\u00e9s d\u00e9ploy\u00e9s chez des patients hospitalis\u00e9s \u00e0 domicile.<\/b> Dans le cadre de ce projet, nous nous focaliserons plus pr\u00e9cis\u00e9ment sur la chimioth\u00e9rapie orale, modalit\u00e9 th\u00e9rapeutique de plus en plus r\u00e9pandue dans la prise en charge des patients atteints de cancer. Le patient devient responsable de la bonne observance de son traitement et de la gestion des effets ind\u00e9sirables au quotidien. Pour assurer un suivi ad\u00e9quat des patients atteints de cancer et trait\u00e9s par chimioth\u00e9rapie orale \u00e0 domicile, les professionnels de sant\u00e9 doivent disposer de la remont\u00e9e d\u2019un nombre suffisant d\u2019informations, par exemple la bonne prise du traitement, l\u2019\u00e9tat nutritionnel, l\u2019existence d\u2019une fi\u00e8vre, le maintien d\u2019activit\u00e9s sociales.<\/p>\n<p class=\"western\" align=\"justify\">Afin de recueillir des informations pertinentes pour le suivi des patients, nous nous appuierons sur trois types de donn\u00e9es\u00a0: issues d\u2019objets de e-sant\u00e9 (pilulier connect\u00e9 pour mesurer l\u2019observance, balance connect\u00e9e pour \u00e9valuer la d\u00e9nutrition, thermom\u00e8tre connect\u00e9 ou g\u00e9lule de suivi de temp\u00e9rature pour d\u00e9tecter l\u2019apparition de fi\u00e8vre), issues d\u2019objets connect\u00e9s g\u00e9n\u00e9raux (podom\u00e8tre voire g\u00e9olocalisation pour le suivi de l\u2019activit\u00e9 physique), et issues de questionnaires interactifs remplis par le patient.\u00a0L\u2019analyse de ces donn\u00e9es et de leur \u00e9volution temporelle permettra de d\u00e9tecter l\u2019apparition de profils de valeurs anormales sur des capteurs pris isol\u00e9ment (ex. prise de poids rapide, pilulier peu utilis\u00e9, \u2026) ou combin\u00e9s, de prendre une d\u00e9cision li\u00e9e \u00e0 la situation reconnue (information envers le patient, lev\u00e9e d\u2019alerte aupr\u00e8s d\u2019accompagnants ou de personnels soignants\u2026) et de contextualiser et personnaliser l\u2019interaction entre le syst\u00e8me et le patient.<\/p>\n","protected":false},"excerpt":{"rendered":"<p>Le projet SICoPaD est un projet soutenu par la r\u00e9gion Normandie pour la p\u00e9riode 2018-2021 dans le cadre du R\u00e9seau d&rsquo;Inter\u00eat Normand (RIN) Normandie Digitale. Contexte et objectifs La multiplication et la diversification d\u2019objets connect\u00e9s d\u00e9ployables \u00e0 un co\u00fbt raisonnable dans des environnements domestiques ouvre de nombreuses perspectives sur le suivi d\u2019activit\u00e9s quotidiennes pour l\u2019assistance &hellip; <a href=\"https:\/\/projets.litislab.fr\/sicopad\/\" class=\"more-link\">Continuer la lecture<span class=\"screen-reader-text\"> de &laquo;&nbsp;Accueil&nbsp;&raquo;<\/span><\/a><\/p>\n","protected":false},"author":1,"featured_media":0,"parent":0,"menu_order":0,"comment_status":"closed","ping_status":"closed","template":"","meta":{"footnotes":""},"class_list":["post-12","page","type-page","status-publish","hentry"],"_links":{"self":[{"href":"https:\/\/projets.litislab.fr\/sicopad\/wp-json\/wp\/v2\/pages\/12","targetHints":{"allow":["GET"]}}],"collection":[{"href":"https:\/\/projets.litislab.fr\/sicopad\/wp-json\/wp\/v2\/pages"}],"about":[{"href":"https:\/\/projets.litislab.fr\/sicopad\/wp-json\/wp\/v2\/types\/page"}],"author":[{"embeddable":true,"href":"https:\/\/projets.litislab.fr\/sicopad\/wp-json\/wp\/v2\/users\/1"}],"replies":[{"embeddable":true,"href":"https:\/\/projets.litislab.fr\/sicopad\/wp-json\/wp\/v2\/comments?post=12"}],"version-history":[{"count":2,"href":"https:\/\/projets.litislab.fr\/sicopad\/wp-json\/wp\/v2\/pages\/12\/revisions"}],"predecessor-version":[{"id":15,"href":"https:\/\/projets.litislab.fr\/sicopad\/wp-json\/wp\/v2\/pages\/12\/revisions\/15"}],"wp:attachment":[{"href":"https:\/\/projets.litislab.fr\/sicopad\/wp-json\/wp\/v2\/media?parent=12"}],"curies":[{"name":"wp","href":"https:\/\/api.w.org\/{rel}","templated":true}]}}